prime number?
False
Is 66136056787 prime?
True
Is 91289640823 composite?
False
Is 15333567281 composite?
False
Is 587952689 composite?
False
Is 4681071911 prime?
True
Is 391913232947 prime?
False
Is 3212289817 prime?
False
Is 3452809247 a composite number?
False
Is 7000223407 composite?
True
Is 536286017 a prime number?
True
Is 14249094283 a composite number?
True
Is 10159964389 prime?
False
Is 430808446297 prime?
True
Is 252369757 composite?
True
Is 727375497 a prime number?
False
Is 8316465473 a composite number?
False
Is 43422629527 composite?
True
Is 1961725873 a prime number?
False
Is 300950621 a prime number?
True
Is 6882193303 composite?
False
Is 36101379967 composite?
False
Is 460155313 a prime number?
True
Is 189110921 prime?
True
Is 192802992713 a composite number?
False
Is 813316043 a composite number?
True
Is 42296122367 a prime number?
True
Is 159161528591 a composite number?
True
Is 2609862919 prime?
False
Is 362280883 a composite number?
False
Is 13544244521 composite?
False
Is 965482387 prime?
True
Is 1273060543 a prime number?
True
Is 423197911 composite?
True
Is 10484236621 a prime number?
True
Is 5042527883 a composite number?
False
Is 2746487609 a prime number?
True
Is 9341158951 a prime number?
True
Is 94011667 prime?
True
Is 1246256159 prime?
True
Is 450612881 prime?
True
Is 2593592546 a prime number?
False
Is 52343569 a composite number?
False
Is 6946117411 composite?
True
Is 37760833273 prime?
True
Is 56454115093 composite?
False
Is 68165611199 composite?
True
Is 16040417381 composite?
True
Is 1398103183 a composite number?
True
Is 755029187 prime?
False
Is 235379113 prime?
False
Is 46646107765 composite?
True
Is 793590349 composite?
False
Is 22033061819 composite?
False
Is 117911492623 composite?
True
Is 675331949 prime?
False
Is 403818409 composite?
False
Is 39509363423 a composite number?
False
Is 7653258683 composite?
True
Is 1187692739 a prime number?
False
Is 114054001123 prime?
True
Is 39993938899 a composite number?
False
Is 363585454747 a prime number?
False
Is 24152500237 prime?
False
Is 32124026323 a prime number?
True
Is 221093921 prime?
False
Is 4377123227 prime?
True
Is 187304090762 composite?
True
Is 4410577481 composite?
False
Is 583298207 a prime number?
True
Is 1394320979 prime?
False
Is 492275297 a prime number?
True
Is 138588809 prime?
False
Is 7125051077 a prime number?
False
Is 5277594611 prime?
True
Is 944118349 a prime number?
True
Is 135517351 composite?
True
Is 563002919 a prime number?
True
Is 452242337 a composite number?
False
Is 84490410061 composite?
True
Is 25281638639 a composite number?
False
Is 5977909151 a prime number?
True
Is 187041139 composite?
True
Is 2562506753 a composite number?
False
Is 3971177583 a composite number?
True
Is 711742081 a prime number?
True
Is 19787953645 a composite number?
True
Is 132175082923 a prime number?
False
Is 358647343 composite?
True
Is 78355115339 a prime number?
False
Is 22279337621 composite?
True
Is 2775684049 prime?
True
Is 4358331407 a composite number?
False
Is 112022767 prime?
False
Is 12181125239 composite?
True
Is 4598841397 composite?
False
Is 26242561 a prime number?
True
Is 857734693 prime?
False
Is 14758517531 prime?
False
Is 61130976977 composite?
True
Is 33436613107 a prime number?
True
Is 17191105037 composite?
False
Is 5463114361 composite?
False
Is 267068159 a prime number?
False
Is 120896518997 a composite number?
True
Is 46487947733 a composite number?
False
Is 3045529189 a prime number?
False
Is 65113277 composite?
True
Is 1776505543 a composite number?
False
Is 9925302721 prime?
True
Is 746375027 a composite number?
False
Is 29526967273 a prime number?
True
Is 7533780019 a composite number?
True
Is 69306311407 a composite number?
False
Is 709647233 prime?
True
Is 758091883 composite?
False
Is 1041607883 a composite number?
True
Is 1037688623 prime?
True
Is 33617716549 a composite number?
True
Is 10372599287 a prime number?
False
Is 63927143941 composite?
True
Is 20477790173 composite?
True
Is 109490651 composite?
False
Is 379460537 prime?
True
Is 14723171954 composite?
True
Is 2599915579 composite?
True
Is 104124479 composite?
True
Is 1154131133 prime?
True
Is 255056047 a prime number?
False
Is 13230967187 composite?
False
Is 10275645995 a composite number?
True
Is 4347300257 composite?
False
Is 1137576553 composite?
False
Is 274691561 composite?
False
Is 90190959277 a composite number?
True
Is 226916971 a prime number?
True
Is 297515083 a prime number?
False
Is 48942941221 a composite number?
False
Is 572746033 prime?
True
Is 27783456953 prime?
False
Is 294353347 prime?
False
Is 16772578759 a composite number?
False
Is 9098231381 composite?
False
Is 113797822933 composite?
False
Is 1103675603 a prime number?
False
Is 1470299359 composite?
False
Is 38711307287 prime?
False
Is 5457716051 a prime number?
True
Is 1692299561 prime?
False
Is 14261149178 a prime number?
False
Is 1067411 a composite number?
False
Is 10277227181 a prime number?
False
Is 65731066451 a prime number?
True
Is 81280968469 a composite number?
False
Is 747279167 a prime number?
True
Is 460549801 a composite number?
False
Is 3476720945 prime?
False
Is 2756402993 prime?
True
Is 281805437 a composite number?
False
Is 24344051429 a prime number?
True
Is 9178137563 a prime number?
False
Is 11054546141 a composite number?
False
Is 19252465319 a prime number?
False
Is 16462562173 a composite number?
True
Is 1417890569 prime?
True
Is 8346450923 a composite number?
False
Is 33768506573 a prime number?
False
Is 58705873619 a prime number?
True
Is 443901201 composite?
True
Is 1502745019 a composite number?
True
Is 131252977 a prime number?
False
Is 25031966923 a composite number?
False
Is 14307404593 composite?
False
Is 27187417867 a prime number?
True
Is 5341105069 a prime number?
False
Is 61013602399 prime?
False
Is 15475530503 a composite number?
False
Is 1660062871 prime?
True
Is 198831403 composite?
False
Is 13085392417 composite?
False
Is 841358911 a prime number?
True
Is 5324772755 a composite number?
True
Is 1874748439 composite?
False
Is 6420881191 a prime number?
False
Is 102899966969 prime?
False
Is 449635859 a composite number?
True
Is 2217072683 composite?
True
Is 239039726483 a prime number?
True
Is 26541644986 a prime number?
False
Is 583701317 composite?
False
Is 22760823593 a prime number?
True
Is 16965607853 a composite number?
True
Is 1286525351 composite?
False
Is 1111855877 composite?
True
Is 9167945393 a prime number?
True
Is 8654006623 a composite number?
True
Is 5108910721 a composite number?
True
Is 20781635521 a prime number?
True
Is 532512593 prime?
True
Is 14207693323 prime?
False
Is 1961900491 composite?
True
Is 188568123713 prime?
False
Is 4260662711 a composite number?
True
Is 38611197101 a prime number?
True
Is 756065467 a composite number?
True
Is 177631982933 a composite number?
False
Is 684065677 prime?
True
Is 323173511 prime?
True
Is 85083128443 prime?
False
Is 1312479391 a prime number?
True
Is 6121232743 a prime number?
True
Is 3286079611 a prime number?
True
Is 21150959699 prime?
True
Is 37794729794 a prime number?
False
Is 339343139 a composite number?
False
Is 310722319 a composite number?
False
Is 747590839 a composite number?
False
Is 38183969353 a prime number?
False
Is 120409459 a prime number?
False
Is 5677468273 prime?
False
Is 1076788274 a composite number?
True
Is 20369730001 composite?
False
Is 16720780157 a prime number?
False
Is 20222100629 a composite number?
True
Is 564616463 prime?
True
Is 449420233 composite?
False
Is 11939707345 prime?
False
Is 17091013999 a prime number?
False
Is 117321497 prime?
False
Is 4789870523 a prime number?
True
Is 3603280553 prime?
False
Is 791158279 composite?
False
Is 23017968777 prime?
False
Is 1435433137 a composite number?
False
Is 1287295193 a composite number?
False
Is 55348104221 prime?
True
Is 719790517 composite?
True
Is 2427053947 composite?
True
Is 173486298633 composite?
True
Is 899431933 prime?
True
Is 3195676573 a prime number?
True
Is 276369437 a composite number?
False
Is 21257027047 a prime number?
True
Is 17768327483 composite?
False
Is 827390749 composite?
False
Is 3015675331 a composite number?
True
Is 20209889057 a composite number?
False
Is 309060299 composi